nder when f is divided by j?
0
Let m = -1 - -1. Suppose -2*o + 8 = 0, 4*i - 9*o - 16 = -6*o. Calculate the remainder when -25*(m - (1 + 0)) is divided by i.
4
Suppose -14 - 191 = -5*a. Let l = 58 - a. Calculate the remainder when l is divided by 3.
2
Let g(w) = w**3 + 7*w**2 - 10*w - 8. Let o = 268 + -169. Let v = o + -54. What is the remainder when v is divided by g(-8)?
5
Let c(t) = -t**3 + 7*t**2 + 9. Let f be c(7). Let m = f - 12. What is the remainder when (-66)/4*4/m is divided by 6?
4
Suppose 4*d + 4*n - 7 - 69 = 0, -4*n + 19 = d. What is the remainder when (-207)/(-6) + (-15)/(-10) is divided by d?
17
Let o = 1546 + -1531. What is the remainder when 311 is divided by o?
11
Suppose n - 5*x + 3*x = 1, -6 = -3*x. Suppose 4*h = n*h - 5. Suppose -2*s - 4*k - 26 = -4*s, 3*s - h*k - 39 = 0. What is the remainder when 51 is divided by s?
12
Suppose 0 = -7*a + 65 + 12. Suppose 69*r - a = 68*r. What is the remainder when r is divided by 3?
2
Let p = -2 - -10. Suppose 0 = p*l - 3*l - 10. Suppose -2*y + 37 = -a, a - l*a + 43 = 3*y. What is the remainder when 63 is divided by y?
15
Let v(i) be the second derivative of -i**5/20 + 7*i**4/12 + 2*i**3 - 15*i**2/2 + 8*i. What is the remainder when v(8) is divided by 11?
6
Let f = -1209 - -1233. Calculate the remainder when 42 is divided by f.
18
Let v = 588 + -507. Calculate the remainder when v is divided by 50.
31
Let x(k) = k - 3. Let s be x(2). What is the remainder when (124/(-6))/(2/(-6)) is divided by ((-64)/(-20))/(s/(-5))?
14
Suppose -55 = -8*x + 49. What is the remainder when 88 is divided by x?
10
Suppose 74*u - 61*u = 11817. What is the remainder when u is divided by 57?
54
Let x(d) = d**2 - 25*d + 137. Let o = 20 + -2. What is the remainder when o is divided by x(7)?
7
Let g(r) = -r**2 + 17*r - 2. Let w be g(17). Let p(l) = -2*l + 4*l**2 - 2*l + 3*l + l**2 - 3. Calculate the remainder when p(w) is divided by 10.
9
Let i(m) = m**3 - 8*m**2 - 5*m - 2. Suppose 4*z + 26 = 2*j - 0*z, -10 = 5*z. What is the remainder when i(9) is divided by j?
7
Suppose 4*p + 7 = -13. Calculate the remainder when 79 is divided by (-7)/(2*p/30).
16
Let x be (-2872)/(-36) - ((-8)/36 - 0). What is the remainder when (5 - x - -4)*-1 is divided by 18?
17
Calculate the remainder when -2 + 1 + 7 + 21 is divided by (-1 - (1 + 2)) + 7.
0
Let x(d) = d**2 + 8*d + 11. Let z(c) = -c**3 - 20*c**2 - 21*c - 8. Let g = -65 + 46. Calculate the remainder when z(g) is divided by x(-8).
8
Let c(j) = -j**3 + 30*j**2 + 102*j - 45. Calculate the remainder when c(33) is divided by 9.
0
Let m be 7/2 - (-3)/(-6). Suppose 0 = 7*g - m*g - 64. Let z = 50 + -44. What is the remainder when g is divided by z?
4
Let a = 127 - 130. What is the remainder when 816/12 + a/(-1 + -2) is divided by 7?
6
Suppose -2 = 2*d + 2. Suppose 3*t - 223 = 5*k, -5*t + 3*k = -28 - 365. What is the remainder when t is divided by 275/20 - d/8?
11
Let y(q) = q - 3. Let g be y(8). Suppose g*l = l + 12. Suppose 2*x - l*p = 7, 45 = 4*x + x - 2*p. What is the remainder when x is divided by 7?
4
Suppose 55*y - 175 = 50*y - 4*r, 2*y = -4*r + 82. Calculate the remainder when 339 is divided by y.
29
Let o = -728 - -759. What is the remainder when 309 is divided by o?
30
What is the remainder when ((-6314)/33 - -16)/((-2)/6) is divided by 9?
4
Suppose -336*k = -333*k - 753. What is the remainder when k is divided by 51?
47
Let y(a) = a**2 + 12*a - 28. Calculate the remainder when 210 is divided by y(3).
6
Let q(w) = -w**2 + 8*w - 7. Let a be q(5). Let v(g) = 2*g**2 - 13*g + 12. Suppose 43 - 17 = 2*o. Calculate the remainder when v(a) is divided by o.
10
Let o = 91 - 27. Let i = -14 + o. Calculate the remainder when i is divided by (806/(-248))/((-2)/8).
11
Let d(o) = o**2 + 6*o - 2. Let v = 16 - 22. Let w be d(v). Let p = w + 21. Calculate the remainder when p is divided by 10.
9
Suppose -12*q + 1884 = -15*q. Let d = q + 908. Suppose -4*k - 419 = c - 4*c, -2*c + d = -2*k. Calculate the remainder when c is divided by 36.
33
Suppose -4*b + 179 = 3*c, 4*b + 4*c + 0 = 180. Calculate the remainder when 48 is divided by b.
4
Suppose -26 - 42 = -4*u. Let c(f) = f**3 - 5*f**2 - f + 10. Let d = 22 - 17. Calculate the remainder when u is divided by c(d).
2
Let i(r) = 2*r**3 - 10*r**2 - 93 - 18*r + 110 - r**3. What is the remainder when i(12) is divided by 23?
20
Let u = -88 + 91. Suppose -4*d - u*k = -4*k - 25, 3*d + 2*k - 27 = 0. What is the remainder when 20 is divided by d?
6
Suppose -3*x = -2*p + 54, 2*x - 52 = -4*p + 24. What is the remainder when p is divided by 6?
3
Suppose 0 = 5*h - 0*h - 5*z - 70, 3*h - 5*z - 52 = 0. Calculate the remainder when (-1 - -2)/(h/207) is divided by (12/(-1))/((-3)/2).
7
Calculate the remainder when 682 is divided by (-7)/((-252)/2728) - 10/(-45).
74
Suppose -5*x = 3*x - 376. Calculate the remainder when 1360 is divided by x.
44
Let f(b) = 3*b**2 + 14*b - 41. What is the remainder when f(19) is divided by 10?
8
Suppose 0 = -59*y + 62*y - 42. What is the remainder when y is divided by 9?
5
Let n(t) = -2*t**2 - 5 - t - 3*t**2 - 2*t - t**3. Suppose -4*l - 3*y = -112, 2*y = 3*l + 4*y - 83. What is the remainder when n(-6) is divided by l?
24
What is the remainder when 25 is divided by (-7)/(((-5)/(-10))/(-1))?
11
Let n(z) = 8*z**3 - 2*z**2 - z + 1. What is the remainder when n(2) is divided by 12?
7
Suppose -51*o + 522 = -57*o. Calculate the remainder when o/(0 + 12/(-32)) is divided by 39.
37
Let m(f) = -8*f. Let q be m(4). Let i = -17 - q. Suppose -161 = -11*g - 62. What is the remainder when i is divided by g?
6
Let l(d) = d**3 + 16*d + 41. Calculate the remainder when 1310 is divided by l(0).
39
Let h(b) = -2*b**3 + 14*b**2 + 8*b - 22. What is the remainder when h(7) is divided by 18?
16
Let v = -186 - -196. Calculate the remainder when 102 is divided by v.
2
Suppose -101*k + 1569 = -2774. Suppose 3*y - 154 = 2*y - 5*c, -2*y = 2*c - 332. What is the remainder when y is divided by k?
40
Let q = -1209 - -1286. What is the remainder when 1077 is divided by q?
76
Suppose 0 = -5*z - n + 93, -11*z + 4*n + 78 = -6*z. Calculate the remainder when 753 is divided by z.
15
Suppose s - 10 = -4*x + 15, 5*x - 3*s = 10. Suppose 5*k = 5*o - 40, 2*o - x*k + 2*k - 20 = 0. What is the remainder when 26 is divided by o?
2
Suppose 8 = -r + 3*t, -r = -3*r + 3*t - 4. Let u = 192 - 179. What is the remainder when u is divided by r?
1
Let m(s) = 60*s**2 + 2*s + 1. Let j = -35 + 34. Calculate the remainder when m(j) is divided by 20.
19
Suppose r = -0*r + 18. Suppose k - 3*y - 3 = 0, 4*k - 39 = -3*y + 6*y. Calculate the remainder when 2/k - 197/(-6) is divided by r.
15
Suppose -x - 3 = -8. Suppose -4*v + 2*g = -73 + 17, x*g = -5*v + 85. What is the remainder when v is divided by 6?
3
Let l be (-2675)/(-50) + 2 + 3/(-2). Suppose 0 = -5*r - 4*j + l - 0, 4*j = r - 6. What is the remainder when (-9)/(-6)*(-152)/(-6) is divided by r?
8
Let u be 18/(-63) - (-2)/7. Suppose u = 2*b - 7*b + 200. Calculate the remainder when b is divided by 22.
18
Let a(k) = 24*k + 3. Suppose 106 = 9*z + 52. What is the remainder when a(4) is divided by z?
3
Let j be (-2)/(-5) - 4216/40. Calculate the remainder when 103 is divided by (-2 - j/20)*8.
25
Let m(q) = q**2 + 3*q - 8. Suppose -14*n + 1026 = 4*n. Calculate the remainder when n is divided by m(-7).
17
Suppose -30 - 100 = 5*k. Calculate the remainder when ((-92)/3)/(k/39) is divided by 8.
6
Let g be (-4)/((-20)/23) + 14/35. Suppose q - g = 48. Let d = 33 + -19. What is the remainder when q is divided by d?
11
Let c(w) = w**2 + 4*w + 11. Let t(q) = q**2 - 7*q. Let a be t(6). Suppose -16 = -3*z + z. Calculate the remainder when c(a) is divided by z.
7
Let s be (-12)/10*((-188)/(-1) + -3). What is the remainder when s*((-2)/1 + (-20)/(-12)) is divided by 15?
14
Let l be (6/(-4))/((-12)/16). Suppose -117 = -3*d + l*q + 2*q, q = -3. Calculate the remainder when 67 is divided by d.
32
Let u(i) = -2 + 86*i**2 - i + 7 - 85*i**2. Calculate the remainder when u(-6) is divided by 18.
11
What is the remainder when -15*-2*(-35)/(-21) is divided by 4?
2
Suppose -18*z + 24*z = 420. Suppose -100 = -5*c - 5*y, 2*c + z = 7*c - 5*y. What is the remainder when 43 is divided by c?
9
What is the remainder when 53 is divided by (-3400)/(-220) - (-12)/22?
5
Let b(l